n base 6, what is 5451 + -1110324?
-1100433
In base 5, what is 1042141414 + 4?
1042141423
In base 8, what is -104462 + -16535?
-123217
In base 8, what is 25031 - -741?
25772
In base 3, what is 11020111120210 - 10001?
11020111110202
In base 3, what is -11 + -111222012001202001?
-111222012001202012
In base 12, what is 125 + -b577a?
-b5655
In base 2, what is -1011110010101110000 - -1010?
-1011110010101100110
In base 4, what is 310 + -110212030212?
-110212023302
In base 15, what is -7 - 512087?
-51208e
In base 2, what is 111001011010001010101010011 - -1001?
111001011010001010101011100
In base 15, what is 4c82 - -a02?
5784
In base 3, what is -1010 - 2012221002112?
-2012221010122
In base 14, what is -1493 + -2a4a9?
-2b95c
In base 8, what is 241 + -10735237?
-10734776
In base 12, what is 3bb + 3042?
3441
In base 4, what is -303012131123002 + 0?
-303012131123002
In base 10, what is -16728 - -87?
-16641
In base 2, what is 111010111000110101111 - 1?
111010111000110101110
In base 2, what is 100010100001011000111101100 - 1?
100010100001011000111101011
In base 5, what is 420 + 2214142002?
2214142422
In base 16, what is 48b6a + 24?
48b8e
In base 7, what is -51414 - -32026?
-16355
In base 2, what is -101 + 10110010111000001011?
10110010111000000110
In base 8, what is 1363212642 - -5?
1363212647
In base 11, what is -2a - -1500?
1481
In base 7, what is 132034523 - 24?
132034466
In base 11, what is 7 - -382126a?
3821276
In base 6, what is 342544304 - -4?
342544312
In base 4, what is 1023303 + -12322102?
-11232133
In base 15, what is 19d - -6e536?
6e6d4
In base 15, what is -7 + 14ee06e?
14ee067
In base 7, what is 3 - -1002411243?
1002411246
In base 4, what is 103011230 + 2302?
103020132
In base 15, what is -c2 + b41a3?
b40d1
In base 16, what is -a + 3903c?
39032
In base 6, what is 3031514110 + 21?
3031514131
In base 14, what is 641c0 - 1a?
641a4
In base 14, what is -62 - -23618?
23596
In base 15, what is -2519230 - 0?
-2519230
In base 14, what is 20c8d8b - 0?
20c8d8b
In base 15, what is 65073ee - 6?
65073e8
In base 9, what is -343700 - -56?
-343633
In base 16, what is 36 - d01b9?
-d0183
In base 10, what is 120 + 6962?
7082
In base 12, what is -133303b + -17?
-1333056
In base 16, what is -aa49 - -a0?
-a9a9
In base 13, what is -151a7 + -1555?
-1672c
In base 14, what is -1c9a8546 - 5?
-1c9a854b
In base 3, what is -100200 - 20120122200221?
-20120200001121
In base 9, what is 40 - 363517?
-363467
In base 9, what is -382 + 161105?
160613
In base 12, what is -1022962 + 2?
-1022960
In base 7, what is -223465 + 166?
-223266
In base 10, what is -229032 - 403?
-229435
In base 9, what is -3250007 + -13?
-3250021
In base 3, what is 122020221111100121 - 12?
122020221111100102
In base 2, what is 10111011111111111000 + -10110010?
10111011111101000110
In base 15, what is -4 + 1532d11?
1532d0c
In base 6, what is 14413131045 - 0?
14413131045
In base 12, what is 43 - -2802412?
2802455
In base 16, what is -18e5a0 + 12?
-18e58e
In base 13, what is 91 - 26500?
-2643c
In base 15, what is 4c07 - -99?
4ca1
In base 16, what is -7 + ff836?
ff82f
In base 11, what is 43 - -11010189?
11010221
In base 7, what is 231152 - 1263?
226556
In base 14, what is 18cd19c + 4?
18cd1a2
In base 16, what is c33a27 - -2?
c33a29
In base 10, what is 177773 - -189?
177962
In base 13, what is -1565222 - -2c?
-15651c3
In base 6, what is 14011331322 - 5?
14011331313
In base 13, what is -1329592 - 7?
-1329599
In base 9, what is 3006566 + -28?
3006537
In base 10, what is 137630 - -126?
137756
In base 12, what is -2779 + 134?
-2645
In base 5, what is 2 - -302402004104?
302402004111
In base 16, what is 2052 + -2631?
-5df
In base 2, what is -100010110110101011 - -101?
-100010110110100110
In base 15, what is 20e88 - 6a8?
207d0
In base 5, what is -3244232 + 11?
-3244221
In base 16, what is 205260 - -6?
205266
In base 3, what is -2012 - -2110010221?
2110001202
In base 9, what is 106 - -7231?
7337
In base 13, what is 3402 - 25c1?
b11
In base 6, what is 4132 + -304354?
-300222
In base 2, what is 111110011000100 - 1000011?
111110010000001
In base 10, what is 1576448 - -282?
1576730
In base 10, what is 86 + -35317?
-35231
In base 3, what is 2 - 2101011111021?
-2101011111012
In base 8, what is -1 - 4225420?
-4225421
In base 4, what is 3103 + -2022211011?
-2022201302
In base 5, what is 14231 - -411444?
431230
In base 13, what is -12153070 - 5?
-12153075
In base 15, what is -1173 - 2798?
-391b
In base 3, what is 200011 - 10201222000?
-10201021212
In base 6, what is -1043 - 210225?
-211312
In base 6, what is -2020400221 - 4?
-2020400225
In base 12, what is -a6a776a2 - -3?
-a6a7769b
In base 12, what is 5 - 1348a77?
-1348a72
In base 7, what is -33 - -104016232?
104016166
In base 2, what is -1001010101001 - -111011101100?
-1110111101
In base 12, what is -2a565 - 1628?
-2bb91
In base 10, what is -106032991 - -3?
-106032988
In base 11, what is 166 + 54168?
54323
In base 14, what is -8a505 + -18?
-8a51d
In base 11, what is 563862 - -18?
56387a
In base 7, what is -101 - -26252660?
26252556
In base 14, what is 70427 - 18b?
7027a
In base 7, what is 15031213 + -3?
15031210
In base 14, what is -1a04 + 164db?
148d7
In base 15, what is 81b6 - 413?
7ca3
In base 8, what is 2054657 + -445?
2054212
In base 13, what is -5882 + -2257?
-7b09
In base 4, what is 10 + 2320111131032?
2320111131102
In base 9, what is 341247714 + -3?
341247711
In base 3, what is 0 + -212000101000?
-212000101000
In base 3, what is -11 - 110012012102212?
-110012012110000
In base 16, what is 4 - -1163e799?
1163e79d
In base 2, what is -10 + 101000110010001000111011?
101000110010001000111001
In base 12, what is 3ab - -6806?
6bb5
In base 6, what is 5423 - 144433?
-135010
In base 15, what is 1e67e14 - -1?
1e67e15
In base 12, what is 51 - -158635?
158686
In base 12, what is -4b50a1 - 95?
-4b5176
In base 4, what is 3111 + -1033303?
-1030132
In base 4, what is -1222210312 - 11020?
-1222221332
In base 10, what is 34194 + 37?
34231
In base 13, what is -8 + -432154?
-43215c
In base 5, what is 21131314434 - 11?
21131314423
In base 14, what is -87da + 2683?
-6157
In base 15, what is -428423 - -7?
-42841b
In base 16, what is -44e1c - -14?
-44e08
In base 9, what is -1172504 + 8?
-1172485
In base 12, what is -1999a26 + 22?
-1999a04
In base 3, what is 222210202022021 - 101?
222210202021220
In base 9, what is 1155360410 - 4?
1155360405
In base 2, what is -1100111010 + -110101111010010?
-110111100001100
In base 9, what is 1864 - 44443?
-42468
In base 9, what is 3 + 82878?
82882
In base 15, what is 1 - 236451?
-236450
In base 2, what is 1000111 + -11011111110111110011?
-11011111110110101100
In base 11, what is 0 - 1434a61?
-1434a61
In base 14, what is 5d86 + 60?
6006
In base 5, what is 114341013310 - 0?
114341013310
In base 3, what is -112210112102 + 21202?
-112210020200
In base 6, what is 1243 + 110211?
111454
In base 10, what is 3519 - -6989?
10508
In base 8, what is 2734 + 11604?
14540
In base 10, what is -795 - -20562?
19767
In base 2, what is -1100101 - 1010001001010001?
-1010001010110110
In base 9, what is 52713222 - 3?
52713218
In base 9, what is 401577 + -774?
400703
In base 14, what is 401 - -4c34?
5235
In base 7, what is 11052311 - -140?
11052451
In base 3, what is 1020 + -10111002222002?
-10111002220212
In base 11, what is 10aa08 - 13?
10a9a5
In base 2, what is -1010001010001101000100 + -11?
-1010001010001101000111
In base 5, what is -434 + -4043124301?
-4043130240
In base 8, what is 7 - 203677705?
-203677676
In base 5, what is 124344222 + -2?
124344220
In base 3, what is 12 + -2020012120?
-2020012101
In base 8, what is 31104 + -3532?
25352
In base 16, what is -5 + 6b092d?
6b0928
In base 16, what is 5c6a6 - -209?
5c8af
In base 4, what is 13133123013 - 12302?
13133110111
In base 5, what is -12 - -422434000?
422433433
In base 5, what is 11 - -1031410004?
1031410020
In base 7, what is -1253 + 21043?
16460
In base 11, what is -2326a94 - 5?
-2326a99
In base 9, what is -5 - 22123814?
-22123820
In base 5, what is -3400 + 14401114?
14342214
In base 15, what is 1a90 - -1109?
2b99
In base 5, what is 32230400143 - 2?
32230400141
In base 2, what is 110101 + -110011111101100000010?
-110011111101011001101
In base 6, what is -115405254 + -235?
-115405533
In base 15, what is 12e - -c602?
c731
I